t s = g + l. What is the tens digit of s?
7
Let v(x) = 62*x - 224. Let w(a) = 29*a - 112. Let r(z) = -4*v(z) + 7*w(z). What is the tens digit of r(-8)?
7
Suppose -2*k + 5*t + 13 = 0, 4*k - 5*t - 33 = -12. Suppose k*c + c = -4*z + 270, 360 = 5*z - 5*c. What is the tens digit of z?
7
Let c be 30/(-9)*(-8)/((-96)/(-450)). Suppose -119*o + c*o - 4188 = 0. What is the tens digit of o?
9
Let b(f) = 2*f**2 + 14*f + 13. Let t be b(-9). Suppose -v + 2*v - t = 0. Suppose 16*y - v = 15*y. What is the tens digit of y?
4
Let x(z) = 3*z**3 - 6*z**2 + 41*z - 1319. What is the thousands digit of x(24)?
7
Suppose 240255 = 43*r + 52*r. What is the units digit of r?
9
Let a = 130607 + -80813. What is the thousands digit of a?
9
Let y(v) = -2427*v - 352. What is the tens digit of y(-9)?
9
Suppose 7*n - 239 = 41. Let f = n - 48. What is the units digit of (4/2)/(f/(-12))?
3
Let i(d) = 20*d**2 - 26*d + 849. What is the hundreds digit of i(20)?
3
Suppose 3*v = -3*s + 72108, s = 4*v + 30798 - 6747. What is the ten thousands digit of s?
2
What is the ten thousands digit of 7209321/392 + (-1)/8?
1
Suppose -2*s + 3250 - 708 = 4*z, -5*z = -3*s - 3194. Let f = 1174 - z. What is the hundreds digit of f?
5
Let u(m) be the second derivative of 215*m**3/3 - 15*m**2/2 - 78*m. What is the units digit of u(1)?
5
Let c(g) = g**3 + 5*g**2 + 4*g - 1. Suppose -q - 10 = 4*x, -4*q + 2*q - 8 = 2*x. Let w be c(q). Suppose -m - w + 57 = 0. What is the tens digit of m?
5
Let i(u) = 471*u - 114. Let v(r) = 469*r - 116. Let j(n) = 3*i(n) - 2*v(n). What is the units digit of j(4)?
0
Suppose 4*h - j + 1 = 0, -4*j + 4 = -0*h - 2*h. Suppose h = 2*p + 567 + 193. What is the tens digit of (4/10)/((-1524)/p - 4)?
3
Let i be 0 - (-22 - -2)*22/(-5). What is the tens digit of i/(-132)*183*4?
8
Suppose -48900 = -3*r + 3*x, -4*x = -22*r + 26*r - 65192. What is the hundreds digit of r?
2
Let z(c) = 932*c**2 + 25*c - 212. What is the tens digit of z(5)?
1
Suppose 9*x - 2604 = -867. Suppose 6*i - x = 407. Suppose -2*g + 3*j + 58 = 0, 2*g - 2*j = -2*g + i. What is the units digit of g?
3
Let m be (-2)/(-3)*26 + 6/9. Suppose 11*u + 3248 = m*u. What is the tens digit of u?
6
Suppose 589*k = 565*k + 372624. What is the hundreds digit of k?
5
Let r(n) = 7748*n - 8055. What is the tens digit of r(4)?
3
Suppose 427 = -4*s + 43. Let y(l) = 8*l - 25. Let t be y(9). Let m = t - s. What is the tens digit of m?
4
Let o(j) be the second derivative of j**5/20 - 2*j**4 + 5*j**3/6 - 5*j**2 + 37*j. What is the tens digit of o(24)?
1
Suppose 148*l - 229264 = 43129 + 485811. What is the hundreds digit of l?
1
Let j(f) = 55*f + 3. Let l be j(7). Suppose -396*v = -l*v - 5400. What is the tens digit of v?
7
Let i(h) be the second derivative of 3*h**3 + 70*h**2 - 2*h - 4. What is the tens digit of i(5)?
3
What is the thousands digit of 40*257 + 10 + 9 + -10?
0
Let n(z) = -2*z**2 + 20*z - 29. Let v be n(19). Let b be v/(-35) - (-6)/(-10). What is the units digit of (-5)/(b/(-12)) - -1?
7
Suppose -5*z = -5*n + 82340, 202*n - 201*n + 2*z = 16483. What is the units digit of n?
3
Let i = -64 - -82. What is the hundreds digit of (-3 - -5 - 5070/i)*-3?
8
Let q(n) be the first derivative of -35 - 14*n + 6*n**2 + 7/3*n**3 - 1/4*n**4. What is the units digit of q(6)?
4
Let b = -406 - -104. What is the tens digit of 2*b/(-2) - (-8)/(-2)?
9
Suppose -c - 4*u = -4, 5*c - 4*u + 3*u = 20. Let w(o) = 3*o**2 + 5*o - 11*o - c*o**2 + 18. What is the units digit of w(-8)?
2
Let h = 87144 + -44903. What is the tens digit of h?
4
Let n = -27 + 46. Suppose 0 = -o + 2*s, n - 4 = 3*s. Suppose b - 1727 = -o*b. What is the units digit of b?
7
Let b = 62 + -88. Let l(i) = -784 + 2*i**3 + 1591 + 26*i**2 - 9*i + i - i**3 - 789. What is the units digit of l(b)?
6
Suppose 3*i + 35 = -d - 114, -4*i = 3*d + 422. Let p be (-2)/2*(d + 11). What is the tens digit of -1 + 6/3 - (2 - p)?
2
Suppose 146*b - 33540 = 140*b. What is the hundreds digit of b?
5
What is the hundreds digit of 2*(-4 + 2 - (-2 + -1)) + 2762?
7
Suppose 17*u - 3214 - 1121 = 0. Suppose -5*j + u = 3*s, s + 148 = 3*s - 4*j. What is the units digit of s?
0
Let y(g) = g**3 - 36*g**2 + 64*g - 106. What is the ten thousands digit of y(44)?
1
Let d(q) = -4*q**2 + 21*q + 7. Let s be d(5). What is the hundreds digit of (148/(-8))/(-2 + 23/s)?
2
Let x be 13 + (29/7 - 1/7). Suppose 0 = -x*n + 2283 + 3616. What is the units digit of n?
7
Let y(v) = 156*v**2 - 7*v + 65. What is the hundreds digit of y(6)?
6
Suppose -3*v - 5*v = -112. What is the tens digit of 447/2 + 21/v?
2
Let m(o) = 2*o - o + o - 39. Let i be m(22). What is the tens digit of (-14)/(-35) + 243/i?
4
Suppose -57*s + 67*s = 12100. Suppose 7*y - 3872 - s = 0. What is the hundreds digit of y?
7
Suppose -592308 = 315*y - 351*y. What is the units digit of y?
3
Let l = -93 - -92. Let i be l*(-4)/(-3) - (-635)/15. Suppose m + i = 181. What is the units digit of m?
0
Let m(o) = 15*o**2 + 24*o + 12. Let g be m(-3). Suppose -3*y - 2*a = -4*a - 12, -16 = -4*y - 5*a. Let b = g - y. What is the units digit of b?
1
Suppose 0 = 5*d - 1407 - 1353. Let z = d - 267. What is the tens digit of z?
8
Let h be 2/(-9) + 2/9 + 3. Suppose 479 = h*q - 889. What is the hundreds digit of q?
4
Let g(h) be the third derivative of h**6/120 + 2*h**5/15 + 3*h**4/8 - 5*h**3/6 - 12*h**2. Let c be g(-9). What is the hundreds digit of c*(2 - (6 - 3))?
1
Let t(m) = -9*m + 975. Let b be t(0). Let a = b - 672. What is the tens digit of a?
0
Suppose 8*c = -c + 36. Suppose 1660 = 2*p - c*b, p = -4*p + 4*b + 4120. What is the hundreds digit of p?
8
Let h = 32170 - -7870. What is the tens digit of h?
4
Suppose 0 = -2*w - 6*o + 78354, -4*w - 16*o + 156734 = -17*o. What is the ten thousands digit of w?
3
Let z be 2/(12/(-14))*(3 - 9). Suppose -z*w + 706 = -190. What is the tens digit of w?
6
Let u(t) = -21*t + 6. Let n be u(-10). Let m = n - 129. What is the tens digit of m?
8
Let p = -327 - -330. Suppose -5*m + 156 = -3*n, 2*n = 10 - 4. Suppose -m = -q - 4*h + 19, 0 = -2*q - p*h + 124. What is the units digit of q?
8
Let m(y) = y + 12. Let s be m(-14). What is the tens digit of s*1010/(-4) - 170/(-34)?
1
Suppose -w + 26*c - 17*c = -15322, -2*w + 30708 = -2*c. What is the thousands digit of w?
5
Let r = 250 + -247. Suppose -r*p - 845 = -2*a, -4*a + 5*p + 2413 = 728. What is the units digit of a?
5
Let m = 14459 - 11409. What is the units digit of m?
0
Suppose -3*r - 10*s + 21921 = -11*s, 4*r + 5*s - 29247 = 0. What is the thousands digit of r?
7
What is the units digit of (-120994726)/(-1752) - (-4)/48?
1
Suppose 0*z = -5*z - 50. Let y = 4 + z. What is the tens digit of (-7 + 346)/((-9)/y)?
2
Suppose 156*m - 2589440 - 1763937 = 37*m. What is the hundreds digit of m?
5
Let l = 87 + -151. Let h = 129 - l. What is the units digit of h?
3
Suppose -2*f = 52 - 212. Suppose 0*y + f = 2*y. Suppose -y = -o + 19. What is the units digit of o?
9
Let u be 0 - -2 - (11 + -3). Let a be u/(-6) + 6*4/6. Suppose -3*w + 2*h = 2*w - 212, -a*w - 2*h + 228 = 0. What is the tens digit of w?
4
Suppose 3*z = q + 18897, -2*z - 6*q = -2*q - 12612. Suppose -3*d - 7*d + z = 0. Suppose d = 32*b - 27*b. What is the tens digit of b?
2
Let c(s) be the third derivative of 0*s + 0 + 31/60*s**5 - 5/24*s**4 - 14*s**2 + 2/3*s**3. What is the units digit of c(1)?
0
Let c(h) = -159 - 8 + 19 + 39*h - 12. What is the units digit of c(9)?
1
Let q(v) = 92*v**2 - 41*v + 362. What is the units digit of q(10)?
2
Suppose -3 = -k + 1. Suppose -3*n - k*v + 19 = v, 4*v - 11 = -n. What is the tens digit of n/(9/291) + 0?
9
Let m(y) = y**2 - 20*y + 123. Let j be m(-20). Let u = j - 689. What is the units digit of u?
4
Suppose -1 - 7 = -n. Suppose 0 = 3*c + n*a - 5*a + 12, 0 = c - 2*a - 11. What is the tens digit of (-766)/(-10) + (c - 3/5)?
7
Let d(f) = 1358*f**3 - 4*f**2 + 3*f. Let b(x) = 15*x + 106. Let w be b(-7). What is the units digit of d(w)?
7
Suppose -26*m + 61*m = 31*m. Suppose m = -3*f - l + 683, 3*f + 13 = -5*l + 704. What is the units digit of f?
7
Let v = 1096 - -1103. Suppose 2*z - v = -z + 4*r, 3*z + r = 2184. What is the tens digit of z?
2
Let s(i) = 97*i - 5. Let b be (-3)/(-7)*(39 + -32). What is the tens digit of s(b)?
8
Let a(u) = -2*u**3 + u**2 + 22. Suppose 3*s - 12*z + 15 = -7*z, -2*s - 9 = -3*z. What is the ten